{"id":587,"date":"2024-05-19T19:05:58","date_gmt":"2024-05-19T17:05:58","guid":{"rendered":"http:\/\/ps-ogrody.com.pl\/?page_id=587"},"modified":"2024-05-21T23:02:35","modified_gmt":"2024-05-21T21:02:35","slug":"nawodnienia","status":"publish","type":"page","link":"https:\/\/ps-ogrody.com.pl\/?page_id=587","title":{"rendered":"Systemy nawadniaj\u0105ce"},"content":{"rendered":"<div class=\"wpb-content-wrapper\"><p>[vc_row css=&#8221;.vc_custom_1636800764289{margin-top: -4px !important;}&#8221;][vc_column width=&#8221;1\/3&#8243;]<div class=\"pixel_69e51e1d47acc\"><\/div>[\/vc_column][vc_column width=&#8221;1\/3&#8243;]<section class=\"pixel_fancy_heading text-center no_border pixel_69e51e1d47ae6\"><h2>SYSTEMY NAWADNIAJ\u0104CE<\/h2><\/section>[\/vc_column][vc_column width=&#8221;1\/3&#8243;]<div class=\"pixel_69e51e1d47afd\"><\/div>[\/vc_column][\/vc_row][vc_row][vc_column][vc_column_text]<\/p>\n<p style=\"text-align: center;\">Posiadanie pi\u0119knego i zadbanego ogrodu to marzenie wielu w\u0142a\u015bcicieli<br \/>\ndom\u00f3w. Zielony trawnik, bujne kwiaty i zdrowe ro\u015bliny nie tylko ciesz\u0105 oko, ale<br \/>\nr\u00f3wnie\u017c zwi\u0119kszaj\u0105 warto\u015b\u0107 nieruchomo\u015bci i tworz\u0105 przyjazn\u0105 przestrze\u0144 do<br \/>\nrelaksu i sp\u0119dzania czasu z rodzin\u0105 oraz przyjaci\u00f3\u0142mi. Aby osi\u0105gn\u0105\u0107 taki efekt,<br \/>\nniezb\u0119dne jest odpowiednie nawadnianie ro\u015blin. Tradycyjne metody podlewania<br \/>\ncz\u0119sto okazuj\u0105 si\u0119 niewystarczaj\u0105ce i czasoch\u0142onne. Idealnym rozwi\u0105zaniem<br \/>\nstaje si\u0119 zatem inwestycja w automatyczny system nawadniaj\u0105cy. Oto kilka<br \/>\npowod\u00f3w, dla kt\u00f3rych warto rozwa\u017cy\u0107 ten krok.<\/p>\n<p style=\"text-align: center;\">Dlaczego warto zainwestowa\u0107 w automatyczny system<br \/>\nnawadniaj\u0105cy ogr\u00f3d przydomowy?<\/p>\n<p>&nbsp;<\/p>\n<p style=\"text-align: center;\"><strong>1. Oszcz\u0119dno\u015b\u0107 czasu<\/strong><\/p>\n<p>&nbsp;<\/p>\n<p style=\"text-align: center;\">Automatyczny system nawadniaj\u0105cy znacznie redukuje czas po\u015bwi\u0119cany na<br \/>\nr\u0119czne podlewanie ogrodu. Dzi\u0119ki zautomatyzowanym harmonogramom<br \/>\npodlewania, system samoczynnie dostarcza wod\u0119 do ro\u015blin w ustalonych<br \/>\nodst\u0119pach czasu. To oznacza, \u017ce mo\u017cesz cieszy\u0107 si\u0119 pi\u0119knym ogrodem bez<br \/>\nkonieczno\u015bci codziennego anga\u017cowania si\u0119 w jego podlewanie. Dodatkowo,<br \/>\nsystemy te mog\u0105 by\u0107 sterowane za pomoc\u0105 aplikacji na smartfony, co pozwala<br \/>\nna zdalne zarz\u0105dzanie nawadnianiem nawet wtedy, gdy jeste\u015b poza domem.<\/p>\n<p>&nbsp;<\/p>\n<p style=\"text-align: center;\"><strong>2. Efektywne zu\u017cycie wody<\/strong><\/p>\n<p>&nbsp;<\/p>\n<p style=\"text-align: center;\">Automatyczne systemy nawadniaj\u0105ce s\u0105 zaprojektowane tak, aby maksymalnie<br \/>\nefektywnie wykorzystywa\u0107 wod\u0119. Dzi\u0119ki precyzyjnym czujnikom wilgotno\u015bci oraz<br \/>\nzaprogramowanym harmonogramom, systemy te dostarczaj\u0105 wod\u0119 dok\u0142adnie<br \/>\nwtedy i w takiej ilo\u015bci, jakiej potrzebuj\u0105 ro\u015bliny. Unikamy tym samym<br \/>\nnadmiernego podlewania, kt\u00f3re mog\u0142oby prowadzi\u0107 do marnowania wody i<br \/>\npogorszenia stanu ro\u015blin. W d\u0142u\u017cszej perspektywie, oszcz\u0119dno\u015b\u0107 wody przek\u0142ada si\u0119 r\u00f3wnie\u017c na ni\u017csze rachunki za jej zu\u017cycie.<\/p>\n<p>&nbsp;<\/p>\n<p style=\"text-align: center;\"><strong>3. Zdrowe i pi\u0119kne ro\u015bliny<\/strong><\/p>\n<p>&nbsp;<\/p>\n<p style=\"text-align: center;\">Odpowiednie nawodnienie to klucz do zdrowia ro\u015blin. Automatyczny system<br \/>\nnawadniaj\u0105cy zapewnia sta\u0142e i r\u00f3wnomierne dostarczanie wody, co sprzyja<br \/>\nlepszemu wzrostowi i kwitnieniu ro\u015blin. Regularne i dostosowane do potrzeb<br \/>\npodlewanie pomaga r\u00f3wnie\u017c zapobiega\u0107 chorobom ro\u015blin, kt\u00f3re mog\u0105 wynika\u0107 z nadmiaru lub niedoboru wody. Dzi\u0119ki temu, Tw\u00f3j ogr\u00f3d b\u0119dzie zawsze wygl\u0105da\u0142 \u015bwie\u017co i zachwycaj\u0105co.<\/p>\n<p>&nbsp;<\/p>\n<p style=\"text-align: center;\"><strong>4. Wzrost warto\u015bci nieruchomo\u015bci<\/strong><\/p>\n<p>&nbsp;<\/p>\n<p style=\"text-align: center;\">Pi\u0119knie utrzymany ogr\u00f3d to nie tylko kwestia estetyki, ale tak\u017ce wzrostu warto\u015bci twojej nieruchomo\u015bci. Domy z zadbanymi ogrodami s\u0105 bardziej atrakcyjne dla potencjalnych nabywc\u00f3w. Inwestuj\u0105c w automatyczny system nawadniaj\u0105cy, podnosisz standard swojej posiad\u0142o\u015bci, co mo\u017ce przynie\u015b\u0107 korzy\u015bci finansowe w przysz\u0142o\u015bci, je\u015bli zdecydujesz si\u0119 na jej sprzeda\u017c.<\/p>\n<p>&nbsp;<\/p>\n<p style=\"text-align: center;\"><strong>5. Ekologiczne rozwi\u0105zanie<\/strong><\/p>\n<p>&nbsp;<\/p>\n<p style=\"text-align: center;\">Nowoczesne systemy nawadniaj\u0105ce s\u0105 cz\u0119sto wyposa\u017cone w funkcje, kt\u00f3re<br \/>\npomagaj\u0105 dba\u0107 o \u015brodowisko. Systemy te mog\u0105 by\u0107 zintegrowane z czujnikami<br \/>\ndeszczu, kt\u00f3re automatycznie wy\u0142\u0105czaj\u0105 podlewanie w przypadku opad\u00f3w, co<br \/>\nzapobiega marnowaniu wody. Ponadto, mo\u017cliwo\u015b\u0107 precyzyjnego dostosowania<br \/>\nilo\u015bci wody do potrzeb ro\u015blin sprawia, \u017ce nawadnianie jest bardziej<br \/>\nzr\u00f3wnowa\u017cone i przyjazne dla \u015brodowiska.<\/p>\n<p>&nbsp;<\/p>\n<p style=\"text-align: center;\"><strong>6. Personalizacja i wygoda<\/strong><\/p>\n<p>&nbsp;<\/p>\n<p style=\"text-align: center;\">Automatyczne systemy nawadniaj\u0105ce mo\u017cna dostosowa\u0107 do indywidualnych<br \/>\npotrzeb ka\u017cdego ogrodu. Niezale\u017cnie od tego, czy masz ma\u0142y ogr\u00f3dek zio\u0142owy,<br \/>\nczy rozleg\u0142y trawnik, system nawadniaj\u0105cy mo\u017cna skonfigurowa\u0107 tak, aby<br \/>\nidealnie odpowiada\u0142 na specyficzne wymagania Twoich ro\u015blin. Wsp\u00f3\u0142czesne<br \/>\nsystemy oferuj\u0105 r\u00f3wnie\u017c r\u00f3\u017cnorodne opcje nawadniania, takie jak<br \/>\nmikronawadnianie, zraszacze, czy kropl\u00f3wki, co pozwala na jeszcze lepsze<br \/>\ndopasowanie do Twojego ogrodu.<\/p>\n<p>&nbsp;<\/p>\n<p style=\"text-align: center;\"><strong>Podsumowanie<\/strong><\/p>\n<p>&nbsp;<\/p>\n<p style=\"text-align: center;\">Inwestycja w automatyczny system nawadniaj\u0105cy to krok ku wygodzie,<br \/>\noszcz\u0119dno\u015bci i zdrowiu ro\u015blin w Twoim ogrodzie. Dzi\u0119ki nowoczesnym<br \/>\ntechnologiom, systemy te s\u0105 nie tylko \u0142atwe w obs\u0142udze, ale tak\u017ce niezwykle<br \/>\nefektywne i ekologiczne. To rozwi\u0105zanie, kt\u00f3re pozwala cieszy\u0107 si\u0119 pi\u0119knym<br \/>\nogrodem bez konieczno\u015bci codziennego anga\u017cowania si\u0119 w jego piel\u0119gnacj\u0119, co<br \/>\nprzek\u0142ada si\u0119 na wi\u0119cej czasu wolnego i satysfakcji z posiadania zadbanej<br \/>\nprzestrzeni wok\u00f3\u0142 domu.<\/p>\n<p>[\/vc_column_text][\/vc_column][\/vc_row][vc_row][vc_column][vc_gallery type=&#8221;flexslider_slide&#8221; interval=&#8221;3&#8243; images=&#8221;592,593,594&#8243; img_size=&#8221;full&#8221; css=&#8221;.vc_custom_1716237159348{border-radius: 5px !important;}&#8221;][\/vc_column][\/vc_row]<\/p>\n<\/div>","protected":false},"excerpt":{"rendered":"<p>[vc_row css=&#8221;.vc_custom_1636800764289{margin-top: -4px !important;}&#8221;][vc_column width=&#8221;1\/3&#8243;][\/vc_column][vc_column width=&#8221;1\/3&#8243;][\/vc_column][vc_column width=&#8221;1\/3&#8243;][\/vc_column][\/vc_row][vc_row][vc_column][vc_column_text] Posiadanie pi\u0119knego i zadbanego ogrodu to marzenie wielu w\u0142a\u015bcicieli dom\u00f3w. Zielony trawnik, bujne.<\/p>\n","protected":false},"author":1,"featured_media":0,"parent":0,"menu_order":0,"comment_status":"closed","ping_status":"closed","template":"","meta":{"footnotes":""},"class_list":["post-587","page","type-page","status-publish","hentry"],"yoast_head":"<!-- This site is optimized with the Yoast SEO plugin v22.7 - https:\/\/yoast.com\/wordpress\/plugins\/seo\/ -->\n<title>Systemy nawadniaj\u0105ce - ps-ogrody<\/title>\n<meta name=\"robots\" content=\"index, follow, max-snippet:-1, max-image-preview:large, max-video-preview:-1\" \/>\n<link rel=\"canonical\" href=\"https:\/\/ps-ogrody.com.pl\/?page_id=587\" \/>\n<meta property=\"og:locale\" content=\"en_US\" \/>\n<meta property=\"og:type\" content=\"article\" \/>\n<meta property=\"og:title\" content=\"Systemy nawadniaj\u0105ce - ps-ogrody\" \/>\n<meta property=\"og:description\" content=\"[vc_row css=&#8221;.vc_custom_1636800764289{margin-top: -4px !important;}&#8221;][vc_column width=&#8221;1\/3&#8243;][\/vc_column][vc_column width=&#8221;1\/3&#8243;][\/vc_column][vc_column width=&#8221;1\/3&#8243;][\/vc_column][\/vc_row][vc_row][vc_column][vc_column_text] Posiadanie pi\u0119knego i zadbanego ogrodu to marzenie wielu w\u0142a\u015bcicieli dom\u00f3w. Zielony trawnik, bujne.\" \/>\n<meta property=\"og:url\" content=\"https:\/\/ps-ogrody.com.pl\/?page_id=587\" \/>\n<meta property=\"og:site_name\" content=\"ps-ogrody\" \/>\n<meta property=\"article:modified_time\" content=\"2024-05-21T21:02:35+00:00\" \/>\n<meta name=\"twitter:card\" content=\"summary_large_image\" \/>\n<meta name=\"twitter:label1\" content=\"Est. reading time\" \/>\n\t<meta name=\"twitter:data1\" content=\"4 minutes\" \/>\n<script type=\"application\/ld+json\" class=\"yoast-schema-graph\">{\"@context\":\"https:\/\/schema.org\",\"@graph\":[{\"@type\":\"WebPage\",\"@id\":\"https:\/\/ps-ogrody.com.pl\/?page_id=587\",\"url\":\"https:\/\/ps-ogrody.com.pl\/?page_id=587\",\"name\":\"Systemy nawadniaj\u0105ce - ps-ogrody\",\"isPartOf\":{\"@id\":\"http:\/\/ps-ogrody.com.pl\/#website\"},\"datePublished\":\"2024-05-19T17:05:58+00:00\",\"dateModified\":\"2024-05-21T21:02:35+00:00\",\"breadcrumb\":{\"@id\":\"https:\/\/ps-ogrody.com.pl\/?page_id=587#breadcrumb\"},\"inLanguage\":\"en-US\",\"potentialAction\":[{\"@type\":\"ReadAction\",\"target\":[\"https:\/\/ps-ogrody.com.pl\/?page_id=587\"]}]},{\"@type\":\"BreadcrumbList\",\"@id\":\"https:\/\/ps-ogrody.com.pl\/?page_id=587#breadcrumb\",\"itemListElement\":[{\"@type\":\"ListItem\",\"position\":1,\"name\":\"Strona g\u0142\u00f3wna\",\"item\":\"http:\/\/ps-ogrody.com.pl\/\"},{\"@type\":\"ListItem\",\"position\":2,\"name\":\"Systemy nawadniaj\u0105ce\"}]},{\"@type\":\"WebSite\",\"@id\":\"http:\/\/ps-ogrody.com.pl\/#website\",\"url\":\"http:\/\/ps-ogrody.com.pl\/\",\"name\":\"ps-ogrody\",\"description\":\"\",\"potentialAction\":[{\"@type\":\"SearchAction\",\"target\":{\"@type\":\"EntryPoint\",\"urlTemplate\":\"http:\/\/ps-ogrody.com.pl\/?s={search_term_string}\"},\"query-input\":\"required name=search_term_string\"}],\"inLanguage\":\"en-US\"}]}<\/script>\n<!-- \/ Yoast SEO plugin. -->","yoast_head_json":{"title":"Systemy nawadniaj\u0105ce - ps-ogrody","robots":{"index":"index","follow":"follow","max-snippet":"max-snippet:-1","max-image-preview":"max-image-preview:large","max-video-preview":"max-video-preview:-1"},"canonical":"https:\/\/ps-ogrody.com.pl\/?page_id=587","og_locale":"en_US","og_type":"article","og_title":"Systemy nawadniaj\u0105ce - ps-ogrody","og_description":"[vc_row css=&#8221;.vc_custom_1636800764289{margin-top: -4px !important;}&#8221;][vc_column width=&#8221;1\/3&#8243;][\/vc_column][vc_column width=&#8221;1\/3&#8243;][\/vc_column][vc_column width=&#8221;1\/3&#8243;][\/vc_column][\/vc_row][vc_row][vc_column][vc_column_text] Posiadanie pi\u0119knego i zadbanego ogrodu to marzenie wielu w\u0142a\u015bcicieli dom\u00f3w. Zielony trawnik, bujne.","og_url":"https:\/\/ps-ogrody.com.pl\/?page_id=587","og_site_name":"ps-ogrody","article_modified_time":"2024-05-21T21:02:35+00:00","twitter_card":"summary_large_image","twitter_misc":{"Est. reading time":"4 minutes"},"schema":{"@context":"https:\/\/schema.org","@graph":[{"@type":"WebPage","@id":"https:\/\/ps-ogrody.com.pl\/?page_id=587","url":"https:\/\/ps-ogrody.com.pl\/?page_id=587","name":"Systemy nawadniaj\u0105ce - ps-ogrody","isPartOf":{"@id":"http:\/\/ps-ogrody.com.pl\/#website"},"datePublished":"2024-05-19T17:05:58+00:00","dateModified":"2024-05-21T21:02:35+00:00","breadcrumb":{"@id":"https:\/\/ps-ogrody.com.pl\/?page_id=587#breadcrumb"},"inLanguage":"en-US","potentialAction":[{"@type":"ReadAction","target":["https:\/\/ps-ogrody.com.pl\/?page_id=587"]}]},{"@type":"BreadcrumbList","@id":"https:\/\/ps-ogrody.com.pl\/?page_id=587#breadcrumb","itemListElement":[{"@type":"ListItem","position":1,"name":"Strona g\u0142\u00f3wna","item":"http:\/\/ps-ogrody.com.pl\/"},{"@type":"ListItem","position":2,"name":"Systemy nawadniaj\u0105ce"}]},{"@type":"WebSite","@id":"http:\/\/ps-ogrody.com.pl\/#website","url":"http:\/\/ps-ogrody.com.pl\/","name":"ps-ogrody","description":"","potentialAction":[{"@type":"SearchAction","target":{"@type":"EntryPoint","urlTemplate":"http:\/\/ps-ogrody.com.pl\/?s={search_term_string}"},"query-input":"required name=search_term_string"}],"inLanguage":"en-US"}]}},"_links":{"self":[{"href":"https:\/\/ps-ogrody.com.pl\/index.php?rest_route=\/wp\/v2\/pages\/587","targetHints":{"allow":["GET"]}}],"collection":[{"href":"https:\/\/ps-ogrody.com.pl\/index.php?rest_route=\/wp\/v2\/pages"}],"about":[{"href":"https:\/\/ps-ogrody.com.pl\/index.php?rest_route=\/wp\/v2\/types\/page"}],"author":[{"embeddable":true,"href":"https:\/\/ps-ogrody.com.pl\/index.php?rest_route=\/wp\/v2\/users\/1"}],"replies":[{"embeddable":true,"href":"https:\/\/ps-ogrody.com.pl\/index.php?rest_route=%2Fwp%2Fv2%2Fcomments&post=587"}],"version-history":[{"count":25,"href":"https:\/\/ps-ogrody.com.pl\/index.php?rest_route=\/wp\/v2\/pages\/587\/revisions"}],"predecessor-version":[{"id":781,"href":"https:\/\/ps-ogrody.com.pl\/index.php?rest_route=\/wp\/v2\/pages\/587\/revisions\/781"}],"wp:attachment":[{"href":"https:\/\/ps-ogrody.com.pl\/index.php?rest_route=%2Fwp%2Fv2%2Fmedia&parent=587"}],"curies":[{"name":"wp","href":"https:\/\/api.w.org\/{rel}","templated":true}]}}